*y = -123 - 293. Calculate the remainder when 71 is divided by y.
19
Let c = 4656 + -4595. Calculate the remainder when 187 is divided by c.
4
Let r(n) = 75*n - 1081. What is the remainder when 677 is divided by r(15)?
17
Calculate the remainder when 1187 is divided by (1 + -7)/(8/(64/6)) + 88.
67
Suppose 4*r + 288 = 4*u, -2*u - 2*r + 236 - 64 = 0. What is the remainder when 374 is divided by u?
58
Suppose -3*i = -2*y - 7*i + 226, -2*y - 5*i + 224 = 0. Suppose 0 = 515*q - 3745 - 3980. What is the remainder when y is divided by q?
12
Let i(q) = q**2 + 34*q - 94. Calculate the remainder when i(13) is divided by 23.
11
Suppose -3*z = 49*z - 3986 + 970. What is the remainder when 1042 is divided by z?
56
Suppose 0 = 1451*a - 1584*a + 11837. What is the remainder when a is divided by 16?
9
Let w(g) be the second derivative of g**4/4 - 2*g**3/3 + 5*g**2/2 - 35*g. Calculate the remainder when 177 is divided by w(5).
57
Let m = 151 + -124. Let q be (m/18)/(2/(-12)). What is the remainder when 45 is divided by 20/3*q/(-5)?
9
Calculate the remainder when ((-167904)/(-693))/(2/14) is divided by 841.
14
Let k(f) = 5*f**3 - 2*f + 1. Let w be k(1). Suppose 2*l - 66 = -2*n + 32, 0 = 5*l + w*n - 244. Calculate the remainder when 238 is divided by l.
46
Let n = -15 + 19. Suppose 5*v - 2*b = -0*v + 174, -b - 141 = -n*v. Let g(z) = 3*z**2 - 36*z - 16. What is the remainder when g(14) is divided by v?
32
Suppose -i - 10*p + 13 = -7*p, 0 = i + 4*p - 15. Calculate the remainder when 43 is divided by i.
1
Suppose -26*r - 4*r = 36*r - 990. What is the remainder when 1456 is divided by r?
1
Suppose -156019 = -54*q + 158049 + 68792. Calculate the remainder when q is divided by 41.
38
What is the remainder when 344 is divided by -4 + (0 - 10)/((-1690)/120 - -14)?
112
Let g = 45222 - 18089. What is the remainder when g is divided by 27?
25
Suppose j - 5 = 2*x, 4*x + x = 4*j - 17. Suppose 0 = -5*t - 4*y + 4689, j*t = -2*y + y + 2819. Calculate the remainder when t is divided by 59.
56
Suppose 25 = 3*t + h - 5, -2*h + 49 = 5*t. Let c be 36/(-16)*-2*2. Suppose o - c = t. Calculate the remainder when 36 is divided by o.
16
Let c be (3/3 + -2)/(1/4). Calculate the remainder when (-43 - -33)*(-2)/c - -119 is divided by 12.
6
Suppose -3*v = -4*w - 16, 0*w - 4 = w. Suppose v = -4*x + 5*i + 108, 2 - 102 = -4*x + 3*i. What is the remainder when 41 is divided by x?
19
Let a = 288 + -501. Let i = -126 - a. Suppose -b = -i + 4. Calculate the remainder when b is divided by 21.
20
Let x be -4 - (2 + -4)*38. Let q = x + -70. What is the remainder when (-3)/(3/1)*(q + -3) is divided by 1?
0
Let v = -2539 + 3025. Calculate the remainder when 496 is divided by v.
10
Let g = -127 - -129. Suppose -3*n - g*d = -57, 0*n - 2*n + 38 = 3*d. Calculate the remainder when 205 is divided by n.
15
Let m = 2251 + -2242. Calculate the remainder when 466 is divided by m.
7
Let s(c) = 6*c**3 - c**2 - c + 2. Suppose -2*q + 3*n = 176, 4*n = -2*q - 150 - 12. What is the remainder when s(2) is divided by (q/(-10) - 8)*46?
21
Suppose -1656 = 18*u + 18*u. What is the remainder when 32 is divided by (((-345)/u)/(3/4))/1?
2
Let d = -60 - -75. Suppose 70 = -d*x + 22*x. Suppose -4*b + 106 = 2*q, -3*b - 3*q + 83 = 2*q. Calculate the remainder when b is divided by x.
6
Suppose -5*r + 130 = -3*c, c - 6*c = -3*r + 94. Suppose -4*y - 4*n = -428, y + 50*n - 99 = 47*n. Calculate the remainder when y is divided by r.
19
Suppose x = -x + 90. Suppose 6*w + 420 = 1620. Let o = -184 + w. What is the remainder when x is divided by o?
13
Let t(u) = 23*u**2 + 0*u + 3*u + 4 + u. What is the remainder when t(-1) is divided by 6?
5
Let z = -637 + 621. Let d be 68/(-18) - (-4)/(-18). What is the remainder when 28 is divided by (1 - (0 - d))*z/6?
4
Suppose 0 = -3*h + 7 - 22. Suppose 5*b = -13 + 138. Calculate the remainder when b is divided by (33/(-55) - 8/h)*7.
4
Let g(t) be the second derivative of 11*t**3/3 - 173*t**2/2 + 156*t. Calculate the remainder when g(10) is divided by 10.
7
Suppose -82*d - 93290 = -120*d. What is the remainder when d is divided by 223?
2
Suppose 171653 = -205*a + 179033. Suppose -4*m - 929 + 3369 = 0. What is the remainder when m is divided by a?
34
Let n(x) = 1388*x - 4305. What is the remainder when n(6) is divided by 1336?
15
Suppose -j + 14 = b + 4*b, 4*j + b = 37. Let z = 12 - j. What is the remainder when 48 is divided by (1*-9)/z - -15 - -1?
9
Suppose -2*x + 2*l + 1296 = 0, 3*l - 2557 = -14*x + 10*x. What is the remainder when x is divided by 162?
157
Let h be (207/(-6) - -2)/(12/(-96)). Calculate the remainder when h - ((-630)/150 - (-8)/(-10)) is divided by 126.
13
Let o(a) = 2*a**3 - 4*a**2 + 4. Let g be o(-3). Let b = 88 + g. Suppose -b*p = -k + 11, -2*k + p = 3*k - 73. Calculate the remainder when 223 is divided by k.
13
Suppose -16 = d - 34. Let j(s) = -d - 16 - 3 - 4*s + 66. Calculate the remainder when 17 is divided by j(5).
8
Suppose 184*k - 16*k = -553*k + 153573. Calculate the remainder when k is divided by (-186)/(-2)*1/3.
27
Let k(i) = i**3 + 103*i**2 - 111*i - 460. What is the remainder when 3201 is divided by k(-104)?
253
Let t(p) = p**2 + 3*p + 10. Suppose 3*x + 3*i = -1 + 178, i + 1 = 0. Calculate the remainder when -6*(-4)/x + (-383)/(-5) is divided by t(-6).
21
Suppose 0 = -11*j + 7*j - 772. Let b = j - -232. Suppose -3*o = -8*o + 105. What is the remainder when b is divided by o?
18
Suppose 8025 - 13000 = -18*b + 13313. Calculate the remainder when b is divided by 85.
81
Suppose -a - 142 = -7*a - 64. What is the remainder when 335 is divided by a?
10
Calculate the remainder when 531 is divided by 180/(-4)*286/(-117).
91
Suppose 2*t - 16 = -4*c, t - 19 = -4*c - 1. Suppose f = -f + 90. What is the remainder when (8481/99 - t/6) + 3 is divided by f?
44
Let h = 47 + -55. Let v(k) = -k**3 - 9*k**2 - 10*k + 12. What is the remainder when v(h) is divided by 4?
0
Suppose -4789 = 8*o - 5253. Calculate the remainder when 63 is divided by o.
5
Suppose 4*v = 7*v - 186. Calculate the remainder when v is divided by 360/(-20)*((-15)/18 + -1).
29
Suppose 75*n - 220 = 53*n. Calculate the remainder when 50 is divided by n.
0
Let d = 765 + -729. Suppose 22*n + 9142 = d*n. What is the remainder when n is divided by 6?
5
Suppose -l = -4*z + 389, 0*l + z + 384 = -l. Let m = l + 578. What is the remainder when m is divided by 13?
11
Let y = -2 - -122. Suppose -2*a + 258 = -y. Calculate the remainder when a is divided by 38.
37
Let b(c) = 147*c + 1057. Calculate the remainder when 318 is divided by b(-7).
10
Suppose 447 = -251*b + 24543. What is the remainder when b is divided by 18?
6
Let l(n) = 2*n**2 - 6*n + 8. Let y be l(4). Suppose 119 = -9*w - y. Let a(v) = v**3 + 16*v**2 + 11*v - 37. What is the remainder when a(w) is divided by 10?
3
Let r = -4362 + 4751. What is the remainder when r is divided by 49?
46
Let m = 215 + -202. Suppose 4*g - 52 = -11*i + m*i, 20 = -5*i. What is the remainder when 64 is divided by g?
9
Suppose -159 - 153 = -4*t. Calculate the remainder when t is divided by (-105)/(-35)*(-84)/(-9).
22
Calculate the remainder when (65745/360)/((-5)/(-40)) is divided by 729.
3
Suppose -2*f = 4*f - 1674. What is the remainder when ((-2883)/f)/(0 + (-2)/6) is divided by 17?
14
Suppose 4*h + 1545 = 4*b + 6429, -h + 1227 = -2*b. What is the remainder when h is divided by 48?
15
Let k = 0 - 0. Suppose k = 2*l + 3*w - w - 2, w = -1. Suppose 40*q = -78*q + 202 + 34. What is the remainder when l is divided by q?
0
Suppose -2*h - z = -2*z - 294, 0 = -9*z - 36. What is the remainder when h is divided by 111?
34
Suppose 0*f + 432 = 4*f. Suppose 309 - 122 = 3*o - 2*z, 0 = -5*o - 3*z + 261. What is the remainder when f is divided by o?
51
Let m(s) = -3*s**2 - 10*s + 3. Let c be ((-123)/15 - -6) + (-1)/(-5). Suppose -x - 3*x + 124 = 0. Calculate the remainder when x is divided by m(c).
9
Let b(z) = 10*z - 13. Let r be ((-286)/(-39))/(2/6). Suppose -26*t + r*t + 32 = 0. Calculate the remainder when b(t) is divided by 10.
7
Let l(t) = t**2 + 5*t + 1. Let u = 275 - 270. Suppose -5*z = -u*x + 50, -3*z + 10 + 2 = 3*x. Calculate the remainder when l(-7) is divided by x.
1
Let l(o) = -3*o + 13. Let w be l(6). Let v = -4 - w. Calculate the remainder when 36 is divided by (2 - 3) + v - -8.
4
Suppose -92